e the remainder when 56479 is divided by 223.
60
Calculate the remainder when 17159 is divided by 120.
119
What is the remainder when 18244 is divided by 835?
709
What is the remainder when 13561 is divided by 19?
14
Calculate the remainder when 11981 is divided by 8.
5
Calculate the remainder when 24777 is divided by 64.
9
What is the remainder when 1626 is divided by 1?
0
Calculate the remainder when 14917 is divided by 23.
13
What is the remainder when 9453 is divided by 627?
48
Calculate the remainder when 2898 is divided by 73.
51
Calculate the remainder when 2632 is divided by 71.
5
What is the remainder when 356423 is divided by 39601?
14
What is the remainder when 7970 is divided by 235?
215
Calculate the remainder when 2031 is divided by 1936.
95
What is the remainder when 18716 is divided by 9356?
4
What is the remainder when 17695 is divided by 418?
139
Calculate the remainder when 78053 is divided by 40.
13
Calculate the remainder when 5667 is divided by 35.
32
What is the remainder when 7959 is divided by 878?
57
What is the remainder when 2319 is divided by 54?
51
What is the remainder when 103083 is divided by 389?
387
Calculate the remainder when 26973 is divided by 13.
11
What is the remainder when 515 is divided by 92?
55
What is the remainder when 13588 is divided by 1409?
907
Calculate the remainder when 2489 is divided by 1236.
17
What is the remainder when 65918 is divided by 515?
513
Calculate the remainder when 2900 is divided by 158.
56
Calculate the remainder when 3070 is divided by 308.
298
Calculate the remainder when 149784 is divided by 561.
558
What is the remainder when 24906 is divided by 654?
54
What is the remainder when 995924 is divided by 369?
362
Calculate the remainder when 3306 is divided by 939.
489
What is the remainder when 242 is divided by 117?
8
What is the remainder when 1806 is divided by 13?
12
What is the remainder when 24478 is divided by 90?
88
What is the remainder when 174919 is divided by 147?
136
What is the remainder when 6634 is divided by 2159?
157
Calculate the remainder when 12921 is divided by 3844.
1389
Calculate the remainder when 4791298 is divided by 19.
11
What is the remainder when 49347 is divided by 150?
147
What is the remainder when 853368 is divided by 26?
22
Calculate the remainder when 11047 is divided by 5.
2
What is the remainder when 55302 is divided by 401?
365
What is the remainder when 2222997 is divided by 171?
168
Calculate the remainder when 62532 is divided by 1276.
8
What is the remainder when 129343 is divided by 86?
85
What is the remainder when 4796009 is divided by 52?
49
Calculate the remainder when 232000 is divided by 19.
10
What is the remainder when 44387 is divided by 370?
357
Calculate the remainder when 332 is divided by 81.
8
Calculate the remainder when 6004 is divided by 81.
10
What is the remainder when 736 is divided by 243?
7
What is the remainder when 2006 is divided by 531?
413
What is the remainder when 138129 is divided by 108?
105
Calculate the remainder when 1487 is divided by 253.
222
Calculate the remainder when 22025 is divided by 95.
80
What is the remainder when 20813 is divided by 496?
477
Calculate the remainder when 2495 is divided by 16.
15
What is the remainder when 2215 is divided by 19?
11
Calculate the remainder when 310382 is divided by 152.
150
Calculate the remainder when 49307 is divided by 737.
665
What is the remainder when 2980 is divided by 389?
257
Calculate the remainder when 1705 is divided by 829.
47
Calculate the remainder when 2891 is divided by 290.
281
Calculate the remainder when 6177 is divided by 42.
3
What is the remainder when 797 is divided by 633?
164
What is the remainder when 644050 is divided by 43?
39
Calculate the remainder when 37784 is divided by 67.
63
Calculate the remainder when 10123 is divided by 10108.
15
What is the remainder when 117977 is divided by 13108?
5
Calculate the remainder when 412069 is divided by 120.
109
What is the remainder when 67141 is divided by 34?
25
What is the remainder when 13987 is divided by 637?
610
What is the remainder when 41337 is divided by 39?
36
Calculate the remainder when 2184778 is divided by 78.
76
Calculate the remainder when 5015 is divided by 264.
263
What is the remainder when 470779 is divided by 88?
67
What is the remainder when 485 is divided by 6?
5
What is the remainder when 86066 is divided by 131?
130
What is the remainder when 3326 is divided by 15?
11
Calculate the remainder when 21868 is divided by 126.
70
What is the remainder when 12096 is divided by 54?
0
Calculate the remainder when 123793 is divided by 27.
25
What is the remainder when 129877 is divided by 85?
82
What is the remainder when 121834 is divided by 213?
211
Calculate the remainder when 568252 is divided by 142060.
12
Calculate the remainder when 4322 is divided by 720.
2
What is the remainder when 4353 is divided by 896?
769
Calculate the remainder when 9586 is divided by 3158.
112
Calculate the remainder when 6009 is divided by 101.
50
Calculate the remainder when 34486 is divided by 2652.
10
What is the remainder when 26507 is divided by 443?
370
What is the remainder when 66955 is divided by 3938?
9
What is the remainder when 85395 is divided by 61?
56
What is the remainder when 6635937 is divided by 114?
111
Calculate the remainder when 2472576 is divided by 824192.
0
What is the remainder when 210265 is divided by 258?
253
What is the remainder when 284212 is divided by 14?
12
What is the remainder when 3731 is divided by 60?
11
What is the remainder when 9515 is divided by 136?
131
Calculate the remainder when 1253 is divided by 90.
83
What is the remainder when 5105 is divided by 266?
51
What is the remainder when 5773 is divided by 119?
61
What is the remainder when 22522 is divided by 22421?
101
Calculate the remainder when 80637 is divided by 42.
39
What is the remainder when 15091 is divided by 204?
199
What is the remainder when 50862 is divided by 361?
322
What is the remainder when 2676 is divided by 703?
567
Calculate the remainder when 29958 is divided by 1433.
1298
What is the remainder when 79676 is divided by 65?
51
Calculate the remainder when 1467 is divided by 263.
152
What is the remainder when 15472 is divided by 644?
16
Calculate the remainder when 4004 is divided by 1102.
698
Calculate the remainder when 50776 is divided by 4613.
33
Calculate the remainder when 249945 is divided by 3845.
20
Calculate the remainder when 7805 is divided by 1947.
17
Calculate the remainder when 692170 is divided by 18.
16
Calculate the remainder when 46228 is divided by 1299.
763
Calculate the remainder when 21412 is divided by 92.
68
What is the remainder when 900218 is divided by 115?
113
Calculate the remainder when 7404 is divided by 547.
293
Calculate the remainder when 49435 is divided by 49.
43
What is the remainder when 44539 is divided by 821?
205
Calculate the remainder when 56105 is divided by 1699.
38
What is the remainder when 701 is divided by 167?
33
What is the remainder when 1287538 is divided by 230?
228
What is the remainder when 4272 is divided by 175?
72
What is the remainder when 30157 is divided by 3350?
7
What is the remainder when 1123 is divided by 46?
19
Calculate the remainder when 2304 is divided by 38.
24
Calculate the remainder when 3298 is divided by 127.
123
What is the remainder when 927984 is divided by 39?
18
What is the remainder when 7212 is divided by 18?
12
Calculate the remainder when 3031 is divided by 23.
18
Calculate the remainder when 18206 is divided by 42.
20
What is the remainder when 6084 is divided by 437?
403
What is the remainder when 3873 is divided by 68?
65
What is the remainder when 16463 is divided by 5413?
224
Calculate the remainder when 7447 is divided by 276.
271
Calculate the remainder when 67845 is divided by 22.
19
What is the remainder when 10866 is divided by 2660?
226
What is the remainder when 9085 is divided by 13?
11
Calculate the remainder when 79547 is divided by 408.
395
Calculate the remainder when 9037 is divided by 19.
12
Calculate the remainder when 5937 is divided by 80.
17
Calculate the remainder when 20434 is divided by 6.
4
Calculate the remainder when 4285 is divided by 2092.
